{"id":137,"date":"2021-05-12T11:37:28","date_gmt":"2021-05-12T11:37:28","guid":{"rendered":"http:\/\/viajescreativa.com\/?page_id=137"},"modified":"2024-08-22T17:10:19","modified_gmt":"2024-08-22T17:10:19","slug":"services","status":"publish","type":"page","link":"https:\/\/viajescreativa.com\/?page_id=137","title":{"rendered":"Rundreisen"},"content":{"rendered":"\n<figure class=\"wp-block-image alignfull size-full wp-duotone-unset-1\"><img fetchpriority=\"high\" decoding=\"async\" width=\"2200\" height=\"357\" src=\"https:\/\/viajescreativa.com\/wp-content\/uploads\/2024\/08\/000portada-1.jpg\" alt=\"\" class=\"wp-image-1993\" srcset=\"https:\/\/viajescreativa.com\/wp-content\/uploads\/2024\/08\/000portada-1.jpg 2200w, https:\/\/viajescreativa.com\/wp-content\/uploads\/2024\/08\/000portada-1-300x49.jpg 300w, https:\/\/viajescreativa.com\/wp-content\/uploads\/2024\/08\/000portada-1-1024x166.jpg 1024w, https:\/\/viajescreativa.com\/wp-content\/uploads\/2024\/08\/000portada-1-768x125.jpg 768w, https:\/\/viajescreativa.com\/wp-content\/uploads\/2024\/08\/000portada-1-1536x249.jpg 1536w, https:\/\/viajescreativa.com\/wp-content\/uploads\/2024\/08\/000portada-1-2048x332.jpg 2048w\" sizes=\"(max-width: 2200px) 100vw, 2200px\" \/><\/figure>\n\n\n\n<figure class=\"wp-block-image alignfull size-full\"><img decoding=\"async\" width=\"1920\" height=\"349\" src=\"https:\/\/viajescreativa.com\/wp-content\/uploads\/2024\/08\/RUNDREISEN-2.png\" alt=\"\" class=\"wp-image-1995\" srcset=\"https:\/\/viajescreativa.com\/wp-content\/uploads\/2024\/08\/RUNDREISEN-2.png 1920w, https:\/\/viajescreativa.com\/wp-content\/uploads\/2024\/08\/RUNDREISEN-2-300x55.png 300w, https:\/\/viajescreativa.com\/wp-content\/uploads\/2024\/08\/RUNDREISEN-2-1024x186.png 1024w, https:\/\/viajescreativa.com\/wp-content\/uploads\/2024\/08\/RUNDREISEN-2-768x140.png 768w, https:\/\/viajescreativa.com\/wp-content\/uploads\/2024\/08\/RUNDREISEN-2-1536x279.png 1536w\" sizes=\"(max-width: 1920px) 100vw, 1920px\" \/><\/figure>\n\n\n\n<p class=\"has-text-align-center has-white-background-color has-background\" style=\"font-size:19px\">Unsere Rundreisen sind eine Auswahl von Touren durch <strong><em>Andalusien<\/em><\/strong>. Diese k\u00f6nnen in Gruppen, Freundeskreis, mit Familie oder einfach nur zu zweit stattfinden. Wir passen uns Euren Bed\u00fcrfnissen an, damit Ihr unvergessliche Momente genie\u00dfen k\u00f6nnt. Nehmt bitte hier Kontakt mit uns auf. Wir erwarten Euch in <strong><em>Andalusien<\/em><\/strong>.<\/p>\n\n\n\n<div class=\"wp-block-columns alignfull are-vertically-aligned-center is-layout-flex wp-container-core-columns-is-layout-9d6595d7 wp-block-columns-is-layout-flex\">\n<div class=\"wp-block-column is-vertically-aligned-center is-layout-flow wp-block-column-is-layout-flow\">\n<div class=\"wp-block-columns is-layout-flex wp-container-core-columns-is-layout-9d6595d7 wp-block-columns-is-layout-flex\">\n<div class=\"wp-block-column is-layout-flow wp-block-column-is-layout-flow\">\n<figure class=\"wp-block-image aligncenter size-full\"><a href=\"https:\/\/viajescreativa.com\/?page_id=887\" target=\"_blank\" rel=\"noreferrer noopener\"><img decoding=\"async\" width=\"251\" height=\"368\" src=\"http:\/\/viajescreativa.com\/wp-content\/uploads\/2024\/08\/Sternfahrten-von-sevilla.jpg\" alt=\"\" class=\"wp-image-1814\" srcset=\"https:\/\/viajescreativa.com\/wp-content\/uploads\/2024\/08\/Sternfahrten-von-sevilla.jpg 251w, https:\/\/viajescreativa.com\/wp-content\/uploads\/2024\/08\/Sternfahrten-von-sevilla-205x300.jpg 205w\" sizes=\"(max-width: 251px) 100vw, 251px\" \/><\/a><\/figure>\n<\/div>\n\n\n\n<div class=\"wp-block-column is-layout-flow wp-block-column-is-layout-flow\">\n<figure class=\"wp-block-image aligncenter size-full\"><a href=\"https:\/\/viajescreativa.com\/?page_id=1018\"><img loading=\"lazy\" decoding=\"async\" width=\"251\" height=\"367\" src=\"https:\/\/viajescreativa.com\/wp-content\/uploads\/2024\/08\/sternfahrten-anadalusien-1.jpg\" alt=\"\" class=\"wp-image-1998\" srcset=\"https:\/\/viajescreativa.com\/wp-content\/uploads\/2024\/08\/sternfahrten-anadalusien-1.jpg 251w, https:\/\/viajescreativa.com\/wp-content\/uploads\/2024\/08\/sternfahrten-anadalusien-1-205x300.jpg 205w\" sizes=\"(max-width: 251px) 100vw, 251px\" \/><\/a><\/figure>\n<\/div>\n<\/div>\n<\/div>\n\n\n\n<div class=\"wp-block-column is-vertically-aligned-center is-layout-flow wp-block-column-is-layout-flow\">\n<div class=\"wp-block-columns is-layout-flex wp-container-core-columns-is-layout-9d6595d7 wp-block-columns-is-layout-flex\">\n<div class=\"wp-block-column is-layout-flow wp-block-column-is-layout-flow\">\n<figure class=\"wp-block-image aligncenter size-full\"><a href=\"https:\/\/viajescreativa.com\/?page_id=1013\" target=\"_blank\" rel=\"noreferrer noopener\"><img loading=\"lazy\" decoding=\"async\" width=\"251\" height=\"368\" src=\"http:\/\/viajescreativa.com\/wp-content\/uploads\/2024\/08\/SPIEGELUNGEN-DER-MEERESENGE-VON-GIBRALTAR.jpg\" alt=\"\" class=\"wp-image-1820\" srcset=\"https:\/\/viajescreativa.com\/wp-content\/uploads\/2024\/08\/SPIEGELUNGEN-DER-MEERESENGE-VON-GIBRALTAR.jpg 251w, https:\/\/viajescreativa.com\/wp-content\/uploads\/2024\/08\/SPIEGELUNGEN-DER-MEERESENGE-VON-GIBRALTAR-205x300.jpg 205w\" sizes=\"(max-width: 251px) 100vw, 251px\" \/><\/a><\/figure>\n<\/div>\n\n\n\n<div class=\"wp-block-column is-layout-flow wp-block-column-is-layout-flow\">\n<figure class=\"wp-block-image aligncenter size-full\"><a href=\"https:\/\/viajescreativa.com\/?page_id=928\" target=\"_blank\" rel=\"noreferrer noopener\"><img loading=\"lazy\" decoding=\"async\" width=\"251\" height=\"368\" src=\"https:\/\/viajescreativa.com\/wp-content\/uploads\/2024\/08\/bezauberndes.jpg\" alt=\"\" class=\"wp-image-1852\" srcset=\"https:\/\/viajescreativa.com\/wp-content\/uploads\/2024\/08\/bezauberndes.jpg 251w, https:\/\/viajescreativa.com\/wp-content\/uploads\/2024\/08\/bezauberndes-205x300.jpg 205w\" sizes=\"(max-width: 251px) 100vw, 251px\" \/><\/a><\/figure>\n<\/div>\n<\/div>\n<\/div>\n<\/div>\n\n\n\n<div class=\"wp-block-columns alignfull are-vertically-aligned-center is-layout-flex wp-container-core-columns-is-layout-9d6595d7 wp-block-columns-is-layout-flex\">\n<div class=\"wp-block-column is-vertically-aligned-center is-layout-flow wp-block-column-is-layout-flow\">\n<div class=\"wp-block-columns is-layout-flex wp-container-core-columns-is-layout-9d6595d7 wp-block-columns-is-layout-flex\">\n<div class=\"wp-block-column is-vertically-aligned-center is-layout-flow wp-block-column-is-layout-flow\">\n<figure class=\"wp-block-image aligncenter size-full\"><a href=\"https:\/\/viajescreativa.com\/?page_id=945\" target=\"_blank\" rel=\"noreferrer noopener\"><img loading=\"lazy\" decoding=\"async\" width=\"251\" height=\"368\" src=\"http:\/\/viajescreativa.com\/wp-content\/uploads\/2024\/08\/kultur-und-natur.jpg\" alt=\"\" class=\"wp-image-1835\" srcset=\"https:\/\/viajescreativa.com\/wp-content\/uploads\/2024\/08\/kultur-und-natur.jpg 251w, https:\/\/viajescreativa.com\/wp-content\/uploads\/2024\/08\/kultur-und-natur-205x300.jpg 205w\" sizes=\"(max-width: 251px) 100vw, 251px\" \/><\/a><\/figure>\n<\/div>\n\n\n\n<div class=\"wp-block-column is-layout-flow wp-block-column-is-layout-flow\">\n<figure class=\"wp-block-image aligncenter size-full\"><a href=\"https:\/\/viajescreativa.com\/?page_id=939\" target=\"_blank\" rel=\"noreferrer noopener\"><img loading=\"lazy\" decoding=\"async\" width=\"251\" height=\"368\" src=\"http:\/\/viajescreativa.com\/wp-content\/uploads\/2024\/08\/eindrcke-al-andalus-2.jpg\" alt=\"\" class=\"wp-image-1834\" srcset=\"https:\/\/viajescreativa.com\/wp-content\/uploads\/2024\/08\/eindrcke-al-andalus-2.jpg 251w, https:\/\/viajescreativa.com\/wp-content\/uploads\/2024\/08\/eindrcke-al-andalus-2-205x300.jpg 205w\" sizes=\"(max-width: 251px) 100vw, 251px\" \/><\/a><\/figure>\n<\/div>\n<\/div>\n<\/div>\n\n\n\n<div class=\"wp-block-column is-vertically-aligned-center is-layout-flow wp-block-column-is-layout-flow\">\n<div class=\"wp-block-columns is-layout-flex wp-container-core-columns-is-layout-9d6595d7 wp-block-columns-is-layout-flex\">\n<div class=\"wp-block-column is-layout-flow wp-block-column-is-layout-flow\">\n<figure class=\"wp-block-image aligncenter size-full\"><a href=\"https:\/\/viajescreativa.com\/?page_id=656\" target=\"_blank\" rel=\"noreferrer noopener\"><img loading=\"lazy\" decoding=\"async\" width=\"251\" height=\"368\" src=\"https:\/\/viajescreativa.com\/wp-content\/uploads\/2024\/08\/Ein-Einblick.jpg\" alt=\"\" class=\"wp-image-2025\" srcset=\"https:\/\/viajescreativa.com\/wp-content\/uploads\/2024\/08\/Ein-Einblick.jpg 251w, https:\/\/viajescreativa.com\/wp-content\/uploads\/2024\/08\/Ein-Einblick-205x300.jpg 205w\" sizes=\"(max-width: 251px) 100vw, 251px\" \/><\/a><\/figure>\n<\/div>\n\n\n\n<div class=\"wp-block-column is-layout-flow wp-block-column-is-layout-flow\">\n<figure class=\"wp-block-image aligncenter size-full\"><a href=\"https:\/\/viajescreativa.com\/?page_id=1201\" target=\"_blank\" rel=\"noreferrer noopener\"><img loading=\"lazy\" decoding=\"async\" width=\"251\" height=\"367\" src=\"https:\/\/viajescreativa.com\/wp-content\/uploads\/2024\/08\/Al-Andalus-1001-Kilometer-voller-Geschichten.jpg\" alt=\"\" class=\"wp-image-2036\" srcset=\"https:\/\/viajescreativa.com\/wp-content\/uploads\/2024\/08\/Al-Andalus-1001-Kilometer-voller-Geschichten.jpg 251w, https:\/\/viajescreativa.com\/wp-content\/uploads\/2024\/08\/Al-Andalus-1001-Kilometer-voller-Geschichten-205x300.jpg 205w\" sizes=\"(max-width: 251px) 100vw, 251px\" \/><\/a><\/figure>\n<\/div>\n<\/div>\n<\/div>\n<\/div>\n\n\n\n<div class=\"wp-block-columns alignfull are-vertically-aligned-center is-layout-flex wp-container-core-columns-is-layout-9d6595d7 wp-block-columns-is-layout-flex\">\n<div class=\"wp-block-column is-vertically-aligned-center is-layout-flow wp-block-column-is-layout-flow\">\n<div class=\"wp-block-columns is-layout-flex wp-container-core-columns-is-layout-9d6595d7 wp-block-columns-is-layout-flex\">\n<div class=\"wp-block-column is-vertically-aligned-center is-layout-flow wp-block-column-is-layout-flow\">\n<figure class=\"wp-block-image aligncenter size-full\"><a href=\"https:\/\/viajescreativa.com\/?page_id=1173\" target=\"_blank\" rel=\"noreferrer noopener\"><img loading=\"lazy\" decoding=\"async\" width=\"269\" height=\"386\" src=\"https:\/\/viajescreativa.com\/wp-content\/uploads\/2024\/08\/Kultur-und-Strandurlaub.jpg\" alt=\"\" class=\"wp-image-2049\" srcset=\"https:\/\/viajescreativa.com\/wp-content\/uploads\/2024\/08\/Kultur-und-Strandurlaub.jpg 269w, https:\/\/viajescreativa.com\/wp-content\/uploads\/2024\/08\/Kultur-und-Strandurlaub-209x300.jpg 209w\" sizes=\"(max-width: 269px) 100vw, 269px\" \/><\/a><\/figure>\n<\/div>\n\n\n\n<div class=\"wp-block-column is-layout-flow wp-block-column-is-layout-flow\">\n<figure class=\"wp-block-image aligncenter size-full\"><a href=\"https:\/\/viajescreativa.com\/?page_id=608\" target=\"_blank\" rel=\"noreferrer noopener\"><img loading=\"lazy\" decoding=\"async\" width=\"269\" height=\"386\" src=\"https:\/\/viajescreativa.com\/wp-content\/uploads\/2024\/08\/FLUCHTREISE-ANDALUSIEN.jpg\" alt=\"\" class=\"wp-image-2061\" srcset=\"https:\/\/viajescreativa.com\/wp-content\/uploads\/2024\/08\/FLUCHTREISE-ANDALUSIEN.jpg 269w, https:\/\/viajescreativa.com\/wp-content\/uploads\/2024\/08\/FLUCHTREISE-ANDALUSIEN-209x300.jpg 209w\" sizes=\"(max-width: 269px) 100vw, 269px\" \/><\/a><\/figure>\n<\/div>\n<\/div>\n<\/div>\n\n\n\n<div class=\"wp-block-column is-vertically-aligned-center is-layout-flow wp-block-column-is-layout-flow\">\n<div class=\"wp-block-columns is-layout-flex wp-container-core-columns-is-layout-9d6595d7 wp-block-columns-is-layout-flex\">\n<div class=\"wp-block-column is-layout-flow wp-block-column-is-layout-flow\">\n<figure class=\"wp-block-image aligncenter size-full\"><a href=\"https:\/\/viajescreativa.com\/?page_id=1132\" target=\"_blank\" rel=\"noreferrer noopener\"><img loading=\"lazy\" decoding=\"async\" width=\"269\" height=\"386\" src=\"https:\/\/viajescreativa.com\/wp-content\/uploads\/2024\/08\/Auf-den-Spuren-von-al-Andalus.jpg\" alt=\"\" class=\"wp-image-2074\" srcset=\"https:\/\/viajescreativa.com\/wp-content\/uploads\/2024\/08\/Auf-den-Spuren-von-al-Andalus.jpg 269w, https:\/\/viajescreativa.com\/wp-content\/uploads\/2024\/08\/Auf-den-Spuren-von-al-Andalus-209x300.jpg 209w\" sizes=\"(max-width: 269px) 100vw, 269px\" \/><\/a><\/figure>\n<\/div>\n\n\n\n<div class=\"wp-block-column is-layout-flow wp-block-column-is-layout-flow\">\n<figure class=\"wp-block-image aligncenter size-full\"><a href=\"https:\/\/viajescreativa.com\/?page_id=623\" target=\"_blank\" rel=\"noreferrer noopener\"><img loading=\"lazy\" decoding=\"async\" width=\"251\" height=\"368\" src=\"https:\/\/viajescreativa.com\/wp-content\/uploads\/2024\/08\/Paradies-am-Atlantik.jpg\" alt=\"\" class=\"wp-image-2087\" srcset=\"https:\/\/viajescreativa.com\/wp-content\/uploads\/2024\/08\/Paradies-am-Atlantik.jpg 251w, https:\/\/viajescreativa.com\/wp-content\/uploads\/2024\/08\/Paradies-am-Atlantik-205x300.jpg 205w\" sizes=\"(max-width: 251px) 100vw, 251px\" \/><\/a><\/figure>\n<\/div>\n<\/div>\n<\/div>\n<\/div>\n\n\n\n<div class=\"wp-block-columns alignfull are-vertically-aligned-center is-layout-flex wp-container-core-columns-is-layout-9d6595d7 wp-block-columns-is-layout-flex\">\n<div class=\"wp-block-column is-vertically-aligned-center is-layout-flow wp-block-column-is-layout-flow\">\n<div class=\"wp-block-columns is-layout-flex wp-container-core-columns-is-layout-9d6595d7 wp-block-columns-is-layout-flex\">\n<div class=\"wp-block-column is-layout-flow wp-block-column-is-layout-flow\">\n<figure class=\"wp-block-image aligncenter size-full\"><a href=\"https:\/\/viajescreativa.com\/?page_id=1934\" target=\"_blank\" rel=\"noreferrer noopener\"><img loading=\"lazy\" decoding=\"async\" width=\"269\" height=\"386\" src=\"https:\/\/viajescreativa.com\/wp-content\/uploads\/2024\/08\/Die-Geschmacker-vom-Aljarafe.jpg\" alt=\"\" class=\"wp-image-2193\" srcset=\"https:\/\/viajescreativa.com\/wp-content\/uploads\/2024\/08\/Die-Geschmacker-vom-Aljarafe.jpg 269w, https:\/\/viajescreativa.com\/wp-content\/uploads\/2024\/08\/Die-Geschmacker-vom-Aljarafe-209x300.jpg 209w\" sizes=\"(max-width: 269px) 100vw, 269px\" \/><\/a><\/figure>\n<\/div>\n\n\n\n<div class=\"wp-block-column is-layout-flow wp-block-column-is-layout-flow\">\n<figure class=\"wp-block-image aligncenter size-full\"><a href=\"https:\/\/viajescreativa.com\/?page_id=2197\" target=\"_blank\" rel=\"noreferrer noopener\"><img loading=\"lazy\" decoding=\"async\" width=\"268\" height=\"386\" src=\"https:\/\/viajescreativa.com\/wp-content\/uploads\/2024\/08\/Die-Geschmacker-von-Los-Alcores.jpg\" alt=\"\" class=\"wp-image-2207\" srcset=\"https:\/\/viajescreativa.com\/wp-content\/uploads\/2024\/08\/Die-Geschmacker-von-Los-Alcores.jpg 268w, https:\/\/viajescreativa.com\/wp-content\/uploads\/2024\/08\/Die-Geschmacker-von-Los-Alcores-208x300.jpg 208w\" sizes=\"(max-width: 268px) 100vw, 268px\" \/><\/a><\/figure>\n<\/div>\n<\/div>\n<\/div>\n\n\n\n<div class=\"wp-block-column is-vertically-aligned-center is-layout-flow wp-block-column-is-layout-flow\">\n<div class=\"wp-block-columns is-layout-flex wp-container-core-columns-is-layout-9d6595d7 wp-block-columns-is-layout-flex\">\n<div class=\"wp-block-column is-layout-flow wp-block-column-is-layout-flow\">\n<figure class=\"wp-block-image aligncenter size-full\"><a href=\"https:\/\/viajescreativa.com\/?page_id=2220\" target=\"_blank\" rel=\"noreferrer noopener\"><img loading=\"lazy\" decoding=\"async\" width=\"268\" height=\"393\" src=\"https:\/\/viajescreativa.com\/wp-content\/uploads\/2024\/08\/Geschichte-mit-dem-Flair-Cordobas-I-1.jpg\" alt=\"\" class=\"wp-image-2233\" srcset=\"https:\/\/viajescreativa.com\/wp-content\/uploads\/2024\/08\/Geschichte-mit-dem-Flair-Cordobas-I-1.jpg 268w, https:\/\/viajescreativa.com\/wp-content\/uploads\/2024\/08\/Geschichte-mit-dem-Flair-Cordobas-I-1-205x300.jpg 205w\" sizes=\"(max-width: 268px) 100vw, 268px\" \/><\/a><\/figure>\n<\/div>\n\n\n\n<div class=\"wp-block-column is-layout-flow wp-block-column-is-layout-flow\">\n<figure class=\"wp-block-image aligncenter size-full\"><a href=\"https:\/\/viajescreativa.com\/?page_id=2238\" target=\"_blank\" rel=\"noreferrer noopener\"><img loading=\"lazy\" decoding=\"async\" width=\"268\" height=\"386\" src=\"https:\/\/viajescreativa.com\/wp-content\/uploads\/2024\/08\/Geschichte-mit-dem-Flair-Cordobas-II-1.jpg\" alt=\"\" class=\"wp-image-2235\" srcset=\"https:\/\/viajescreativa.com\/wp-content\/uploads\/2024\/08\/Geschichte-mit-dem-Flair-Cordobas-II-1.jpg 268w, https:\/\/viajescreativa.com\/wp-content\/uploads\/2024\/08\/Geschichte-mit-dem-Flair-Cordobas-II-1-208x300.jpg 208w\" sizes=\"(max-width: 268px) 100vw, 268px\" \/><\/a><\/figure>\n<\/div>\n<\/div>\n<\/div>\n<\/div>\n\n\n\n<div class=\"wp-block-columns alignfull are-vertically-aligned-center is-layout-flex wp-container-core-columns-is-layout-9d6595d7 wp-block-columns-is-layout-flex\">\n<div class=\"wp-block-column is-vertically-aligned-center is-layout-flow wp-block-column-is-layout-flow\">\n<div class=\"wp-block-columns is-layout-flex wp-container-core-columns-is-layout-9d6595d7 wp-block-columns-is-layout-flex\">\n<div class=\"wp-block-column is-layout-flow wp-block-column-is-layout-flow\">\n<figure class=\"wp-block-image aligncenter size-full\"><a href=\"https:\/\/viajescreativa.com\/?page_id=2244\" target=\"_blank\" rel=\"noreferrer noopener\"><img loading=\"lazy\" decoding=\"async\" width=\"268\" height=\"375\" src=\"https:\/\/viajescreativa.com\/wp-content\/uploads\/2024\/08\/Geschichte-mit-dem-Flair-Cordobas-III-1.jpg\" alt=\"\" class=\"wp-image-2260\" srcset=\"https:\/\/viajescreativa.com\/wp-content\/uploads\/2024\/08\/Geschichte-mit-dem-Flair-Cordobas-III-1.jpg 268w, https:\/\/viajescreativa.com\/wp-content\/uploads\/2024\/08\/Geschichte-mit-dem-Flair-Cordobas-III-1-214x300.jpg 214w\" sizes=\"(max-width: 268px) 100vw, 268px\" \/><\/a><\/figure>\n<\/div>\n\n\n\n<div class=\"wp-block-column is-layout-flow wp-block-column-is-layout-flow\">\n<figure class=\"wp-block-image aligncenter size-full\"><a href=\"https:\/\/viajescreativa.com\/?page_id=2263\" target=\"_blank\" rel=\"noreferrer noopener\"><img loading=\"lazy\" decoding=\"async\" width=\"268\" height=\"375\" src=\"https:\/\/viajescreativa.com\/wp-content\/uploads\/2024\/08\/Erlebnis-in-Ronda-und-der-Axarquia-1.jpg\" alt=\"\" class=\"wp-image-2280\" srcset=\"https:\/\/viajescreativa.com\/wp-content\/uploads\/2024\/08\/Erlebnis-in-Ronda-und-der-Axarquia-1.jpg 268w, https:\/\/viajescreativa.com\/wp-content\/uploads\/2024\/08\/Erlebnis-in-Ronda-und-der-Axarquia-1-214x300.jpg 214w\" sizes=\"(max-width: 268px) 100vw, 268px\" \/><\/a><\/figure>\n<\/div>\n<\/div>\n<\/div>\n\n\n\n<div class=\"wp-block-column is-vertically-aligned-center is-layout-flow wp-block-column-is-layout-flow\">\n<div class=\"wp-block-columns is-layout-flex wp-container-core-columns-is-layout-9d6595d7 wp-block-columns-is-layout-flex\">\n<div class=\"wp-block-column is-layout-flow wp-block-column-is-layout-flow\">\n<figure class=\"wp-block-image aligncenter size-full\"><a href=\"https:\/\/viajescreativa.com\/?page_id=2269\" target=\"_blank\" rel=\"noreferrer noopener\"><img loading=\"lazy\" decoding=\"async\" width=\"268\" height=\"375\" src=\"https:\/\/viajescreativa.com\/wp-content\/uploads\/2024\/08\/Erlebnisse-in-Malaga-und-Casares-1.jpg\" alt=\"\" class=\"wp-image-2283\" srcset=\"https:\/\/viajescreativa.com\/wp-content\/uploads\/2024\/08\/Erlebnisse-in-Malaga-und-Casares-1.jpg 268w, https:\/\/viajescreativa.com\/wp-content\/uploads\/2024\/08\/Erlebnisse-in-Malaga-und-Casares-1-214x300.jpg 214w\" sizes=\"(max-width: 268px) 100vw, 268px\" \/><\/a><\/figure>\n<\/div>\n\n\n\n<div class=\"wp-block-column is-layout-flow wp-block-column-is-layout-flow\">\n<figure class=\"wp-block-image aligncenter size-full\"><a href=\"https:\/\/viajescreativa.com\/?page_id=2287\" target=\"_blank\" rel=\"noreferrer noopener\"><img loading=\"lazy\" decoding=\"async\" width=\"268\" height=\"375\" src=\"https:\/\/viajescreativa.com\/wp-content\/uploads\/2024\/08\/Erlebnis-in-Malaga-1.jpg\" alt=\"\" class=\"wp-image-2305\" srcset=\"https:\/\/viajescreativa.com\/wp-content\/uploads\/2024\/08\/Erlebnis-in-Malaga-1.jpg 268w, https:\/\/viajescreativa.com\/wp-content\/uploads\/2024\/08\/Erlebnis-in-Malaga-1-214x300.jpg 214w\" sizes=\"(max-width: 268px) 100vw, 268px\" \/><\/a><\/figure>\n<\/div>\n<\/div>\n<\/div>\n<\/div>\n\n\n\n<div class=\"wp-block-columns alignwide are-vertically-aligned-center is-layout-flex wp-container-core-columns-is-layout-9d6595d7 wp-block-columns-is-layout-flex\">\n<div class=\"wp-block-column is-vertically-aligned-center is-layout-flow wp-block-column-is-layout-flow\"><div class=\"wpforms-container wpforms-block wpforms-block-21ca1a2f-5681-466e-80cf-cac8d8fa0168\" id=\"wpforms-6\"><form id=\"wpforms-form-6\" class=\"wpforms-validate wpforms-form\" data-formid=\"6\" method=\"post\" enctype=\"multipart\/form-data\" action=\"\/index.php?rest_route=%2Fwp%2Fv2%2Fpages%2F137\" data-token=\"6345bf94530a6aca5a850cad5c1337c2\" data-token-time=\"1775852463\"><noscript class=\"wpforms-error-noscript\">Por favor, activa JavaScript en tu navegador para completar este formulario.<\/noscript><div class=\"wpforms-field-container\"><div id=\"wpforms-6-field_1-container\" class=\"wpforms-field wpforms-field-name\" data-field-id=\"1\"><label class=\"wpforms-field-label\" for=\"wpforms-6-field_1\">Name <span class=\"wpforms-required-label\">*<\/span><\/label><input type=\"text\" id=\"wpforms-6-field_1\" class=\"wpforms-field-medium wpforms-field-required\" name=\"wpforms[fields][1]\" required><\/div><div id=\"wpforms-6-field_2-container\" class=\"wpforms-field wpforms-field-email\" data-field-id=\"2\"><label class=\"wpforms-field-label\" for=\"wpforms-6-field_2\">E-mail <span class=\"wpforms-required-label\">*<\/span><\/label><input type=\"email\" id=\"wpforms-6-field_2\" class=\"wpforms-field-medium wpforms-field-required\" name=\"wpforms[fields][2]\" spellcheck=\"false\" required><\/div><div id=\"wpforms-6-field_4-container\" class=\"wpforms-field wpforms-field-select wpforms-field-select-style-classic\" data-field-id=\"4\"><label class=\"wpforms-field-label\" for=\"wpforms-6-field_4\">Eine Option ausw\u00e4hlen <span class=\"wpforms-required-label\">*<\/span><\/label><select id=\"wpforms-6-field_4\" class=\"wpforms-field-medium wpforms-field-required\" name=\"wpforms[fields][4]\" required=\"required\"><option value=\"Reiseb\u00fcro\"  selected='selected' class=\"choice-1 depth-1\"  >Reiseb\u00fcro<\/option><option value=\"Reisender\"  class=\"choice-2 depth-1\"  >Reisender<\/option><\/select><\/div><div id=\"wpforms-6-field_3-container\" class=\"wpforms-field wpforms-field-textarea\" data-field-id=\"3\"><label class=\"wpforms-field-label\" for=\"wpforms-6-field_3\">Nachricht <span class=\"wpforms-required-label\">*<\/span><\/label><textarea id=\"wpforms-6-field_3\" class=\"wpforms-field-medium wpforms-field-required\" name=\"wpforms[fields][3]\" required><\/textarea><\/div><\/div><!-- .wpforms-field-container --><div class=\"wpforms-submit-container\" ><input type=\"hidden\" name=\"wpforms[id]\" value=\"6\"><input type=\"hidden\" name=\"page_title\" value=\"\"><input type=\"hidden\" name=\"page_url\" value=\"https:\/\/viajescreativa.com\/index.php?rest_route=\/wp\/v2\/pages\/137\"><input type=\"hidden\" name=\"url_referer\" value=\"\"><button type=\"submit\" name=\"wpforms[submit]\" id=\"wpforms-submit-6\" class=\"wpforms-submit\" data-alt-text=\"Sending...\" data-submit-text=\"Send Message\" aria-live=\"assertive\" value=\"wpforms-submit\">Send Message<\/button><\/div><\/form><\/div>  <!-- .wpforms-container --><\/div>\n\n\n\n<div class=\"wp-block-column is-vertically-aligned-center is-layout-flow wp-block-column-is-layout-flow\">\n<p class=\"has-text-align-center has-white-color has-text-color has-background has-link-color wp-elements-af7bde12fd5b6e4cd5a6d6c7a9980b40\" style=\"background-color:#077dc2;font-size:25px\"><strong><em>Werfe einen Blick auf unseren Blog<\/em><\/strong><\/p>\n\n\n\n<figure class=\"wp-block-image size-full\"><img loading=\"lazy\" decoding=\"async\" width=\"593\" height=\"313\" src=\"https:\/\/viajescreativa.com\/wp-content\/uploads\/2024\/08\/capture-20240812-184311-1.png\" alt=\"\" class=\"wp-image-1980\" srcset=\"https:\/\/viajescreativa.com\/wp-content\/uploads\/2024\/08\/capture-20240812-184311-1.png 593w, https:\/\/viajescreativa.com\/wp-content\/uploads\/2024\/08\/capture-20240812-184311-1-300x158.png 300w\" sizes=\"(max-width: 593px) 100vw, 593px\" \/><\/figure>\n<\/div>\n<\/div>\n","protected":false},"excerpt":{"rendered":"<p>Unsere Rundreisen sind eine Auswahl von Touren durch Andalusien. Diese k\u00f6nnen in Gruppen, Freundeskreis, mit Familie oder einfach nur zu zweit stattfinden. Wir passen uns Euren Bed\u00fcrfnissen an, damit Ihr unvergessliche Momente genie\u00dfen k\u00f6nnt. Nehmt bitte hier Kontakt mit uns auf. Wir erwarten Euch in Andalusien. Werfe einen Blick auf unseren Blog<\/p>\n","protected":false},"author":1,"featured_media":0,"parent":0,"menu_order":0,"comment_status":"closed","ping_status":"closed","template":"","meta":{"om_disable_all_campaigns":false,"_monsterinsights_skip_tracking":false,"_monsterinsights_sitenote_active":false,"_monsterinsights_sitenote_note":"","_monsterinsights_sitenote_category":0,"site-sidebar-layout":"no-sidebar","site-content-layout":"plain-container","ast-main-header-display":"","ast-hfb-above-header-display":"","ast-hfb-below-header-display":"","ast-hfb-mobile-header-display":"","site-post-title":"disabled","ast-breadcrumbs-content":"","ast-featured-img":"disabled","footer-sml-layout":"","theme-transparent-header-meta":"enabled","adv-header-id-meta":"","stick-header-meta":"","header-above-stick-meta":"","header-main-stick-meta":"","header-below-stick-meta":"","footnotes":""},"class_list":["post-137","page","type-page","status-publish","hentry"],"aioseo_notices":[],"_links":{"self":[{"href":"https:\/\/viajescreativa.com\/index.php?rest_route=\/wp\/v2\/pages\/137","targetHints":{"allow":["GET"]}}],"collection":[{"href":"https:\/\/viajescreativa.com\/index.php?rest_route=\/wp\/v2\/pages"}],"about":[{"href":"https:\/\/viajescreativa.com\/index.php?rest_route=\/wp\/v2\/types\/page"}],"author":[{"embeddable":true,"href":"https:\/\/viajescreativa.com\/index.php?rest_route=\/wp\/v2\/users\/1"}],"replies":[{"embeddable":true,"href":"https:\/\/viajescreativa.com\/index.php?rest_route=%2Fwp%2Fv2%2Fcomments&post=137"}],"version-history":[{"count":85,"href":"https:\/\/viajescreativa.com\/index.php?rest_route=\/wp\/v2\/pages\/137\/revisions"}],"predecessor-version":[{"id":2400,"href":"https:\/\/viajescreativa.com\/index.php?rest_route=\/wp\/v2\/pages\/137\/revisions\/2400"}],"wp:attachment":[{"href":"https:\/\/viajescreativa.com\/index.php?rest_route=%2Fwp%2Fv2%2Fmedia&parent=137"}],"curies":[{"name":"wp","href":"https:\/\/api.w.org\/{rel}","templated":true}]}}